 prime factors of g?
2, 3, 47
Let b = -10028 - -10338. What are the prime factors of b?
2, 5, 31
Suppose 3*i - 12531 = 4*z, -3*i = z + 31 - 12577. List the prime factors of i.
37, 113
Let z(n) = 38*n**3 + 12*n**2 + 69*n - 587. List the prime factors of z(12).
47, 1439
Let b be (1 - (-1 + 3)) + -26. Let w(r) = -r**3 - 14*r**2 - 31*r - 12. Let d be w(-12). Let a = d + b. List the prime factors of a.
3, 5
Suppose 0 = 2*w + 10 - 0, 0 = -3*j + 3*w + 21. Suppose -4*r + 2 + j = 0. List the prime factors of r/(2/(-138)*-3).
23
Let p = 15507 + -4509. What are the prime factors of p?
2, 3, 13, 47
Let n = 367 + -271. Let b = 608 + n. List the prime factors of b.
2, 11
Suppose 9*q - 12759 - 19605 = 0. Let j = -2563 + q. List the prime factors of j.
1033
Suppose -9*m + 14*m + 2*s + 129 = 0, m + s + 24 = 0. Let r = -44 - -119. Let z = m + r. List the prime factors of z.
2, 3
Suppose -13*w - 4379562 = -43*w - 189*w. What are the prime factors of w?
2, 3, 11, 101
Let h(p) = 583*p**2 - 42*p - 6. What are the prime factors of h(-2)?
2, 5, 241
Let q(o) = 154*o**2 + 110*o - 716. List the prime factors of q(9).
2, 3187
List the prime factors of (-20000)/16*(-16)/40.
2, 5
Suppose 6045*a = 6048*a - 11172. What are the prime factors of a?
2, 7, 19
Let r(n) = 1516*n**2 + 73*n + 262. What are the prime factors of r(-4)?
2, 12113
Suppose 20212 + 11646 = 2*f + 16*o, -f + 3*o = -15852. What are the prime factors of f?
3, 11, 13, 37
Suppose 16*g - 32767 - 86193 = 0. List the prime factors of g.
5, 1487
Let x(a) = -13*a + 28. Suppose g + 24 = -5*u - 2*g, u + 12 = -3*g. Let c be 6/u + 0 - 4. What are the prime factors of x(c)?
2, 53
Let z be (166/5)/(10 - 49/5). Suppose -2*h + 0*h + 230 = 4*v, -3*v = -5*h - z. What are the prime factors of v?
3, 19
Suppose -k = 4*n - 10841, 2*n + 141648 = 12*k + 11856. List the prime factors of k.
29, 373
Let t = -4 - -14. Let n be (-10)/(-6)*(t + -7). Suppose 2*y - n*y = -387. What are the prime factors of y?
3, 43
Let b be (-1043)/(-35) - (-2)/10. Let u be (1 - -1)/2 + b + -30. What are the prime factors of u/((8/124)/2)?
31
Suppose 11*z - 10069 = -1698. List the prime factors of z.
761
List the prime factors of (7/(-4))/((-87)/317724).
7, 11, 83
Suppose -2246*c + 3706368 = -2182*c. List the prime factors of c.
2, 3, 19, 127
What are the prime factors of 11373/3 + (-4)/(36/45)?
2, 3, 631
Suppose -4*t + 4*l - 295 = -10675, 2*t - 5162 = -5*l. Suppose 0 = 2*z + d - 2621, 5*d + t = 3*z - z. What are the prime factors of z?
2, 3, 109
Let f(r) = -22245*r - 126. List the prime factors of f(-1).
3, 73, 101
Let w(s) = -3*s**2 + 36*s + 4. Let v be w(12). Suppose -2*j = -v*m - 870, 0*j + 2*j = -3*m + 835. What are the prime factors of j?
5, 17
Let l be 1/5 + 14*(-1)/(-5). Suppose 2*m = l*x + 132 - 905, -x = -3*m - 246. What are the prime factors of x?
3, 29
Let l(f) = f**3 + 2*f**2 - 2. Let o be l(1). What are the prime factors of 102/(-17)*o/(-6)*2?
2
What are the prime factors of 523611/(-205)*1*-5 - (2 - -4)?
3, 5, 23, 37
What are the prime factors of (-46)/(28/7*(-1)/1688)?
2, 23, 211
Suppose 8*c + 187678 + 42142 = 4*h, -4*h = -2*c - 229784. What are the prime factors of h?
17, 31, 109
Let c(o) = -6*o**2 - 26*o - 1. Let x be c(-7). Let t(i) = -5*i**2 + 4*i + 2. Let q be t(-3). Let z = q - x. What are the prime factors of z?
2, 29
Let w(x) = -12*x - 45. Let a be w(-6). Suppose -k - a = -147. List the prime factors of k.
2, 3, 5
Let a be ((-2)/4 - 1)*56/(-21). Let q be 2*2/a*310. Suppose b = 3*t - 0*b - q, -t - 5*b = -130. List the prime factors of t.
3, 5, 7
Let h(v) = -7*v**2 + 47*v - 2. Let r be h(11). Let t = 713 + r. What are the prime factors of t?
3, 127
Let y(s) = 58*s**2 - 5*s + 5. Let d = 1 + 2. Let a(b) = b**2 + b - 11. Let z be a(d). List the prime factors of y(z).
2, 29
Suppose 3837*l - 3838*l + 4607 = 0. List the prime factors of l.
17, 271
List the prime factors of (-329562)/(-11) + 1 - (-20)/(-110).
3, 3329
Let t(f) = 2*f**3 + 4*f**2 + 11*f + 20. Let w be t(-8). Let d = 1195 + w. List the prime factors of d.
359
Suppose 1209 = 2*x - 5*n - 3378, 3*x - 6843 = -5*n. List the prime factors of (x/27)/(2/9) + -4.
13, 29
Suppose 4*k - 10 = -2*z - 26, -16 = z + 4*k. Let u(n) be the second derivative of -n**5/20 + n**4/12 + n**3/6 + 71*n**2/2 + 5*n. List the prime factors of u(z).
71
Let s be 1834/77 + (-4)/(-22). Suppose 0 = -5*k - x - 2*x + s, -3*k = -4*x + 3. What are the prime factors of (-9)/(1/(-1)*k)?
3
Let r(n) = n**3 - 92*n**2 + 342*n + 293. What are the prime factors of r(95)?
2, 173
Let d(h) = -2*h**3 + 9*h**2 + 4*h + 32. Suppose -46 - 176 = 37*m. What are the prime factors of d(m)?
2, 191
List the prime factors of 1019*17/68*20.
5, 1019
Suppose -502 = -5*m - y, 0 = y + 4*y - 10. Suppose -107*w + 1946 = -m*w. List the prime factors of w.
2, 139
Let k(v) = -v**2 + 21*v + 26. Let o be k(22). Let s(n) = 39*n**2 + 11*n + 10. List the prime factors of s(o).
2, 3, 113
Suppose -1346*u - 5688 = -1354*u. Let l = -492 + u. List the prime factors of l.
3, 73
List the prime factors of 3 - ((-108)/(-10))/3 - 52506/(-10).
2, 3, 5, 7
Let n(u) = -u**2 - 24*u + 434. Let j be 4 - (-56)/(-12) - 6/(-9). List the prime factors of n(j).
2, 7, 31
Suppose -r = j - 0*r - 8214, 5*j = -r + 41054. List the prime factors of j.
2, 5, 821
Let i(b) = 181*b**2 + 224*b + 1094. What are the prime factors of i(-5)?
11, 409
Let p(o) = 9*o**3 + 29*o**2 - 100*o - 6. Let z(w) = -5*w**3 - 15*w**2 + 51*w + 3. Let g(a) = -4*p(a) - 7*z(a). What are the prime factors of g(-17)?
2, 503
List the prime factors of (35/4*-1562)/(271/(-542)).
5, 7, 11, 71
Let o(t) = t + 1. Let m be o(-10). Let r be (-46)/(-69)*(m/(-2) + 0). Suppose -4*k - u + 51 = 0, r*u - 31 = -4*k - 2*u. What are the prime factors of k?
2, 7
Let r(h) = h**2 - 2. Let d(l) = 87*l**2 - 8*l + 12. Let m(p) = d(p) + 2*r(p). List the prime factors of m(3).
5, 157
Suppose 4*b + p - 14452 = 0, -5*b - 5*p = 1689 - 19784. What are the prime factors of b?
23, 157
Let f(y) = -5*y**3 - 183*y**2 - 14*y + 489. List the prime factors of f(-41).
5, 7, 1087
Let x(i) = 3*i**3 + i**2 - 43*i - 9. Let v be x(7). Suppose v*n - 763*n = 6735. What are the prime factors of n?
3, 449
Let c be ((-8)/6)/(2/93). Suppose -4*r + 308 = -4*b, 3*r - 5*b - 131 - 102 = 0. Let h = r + c. List the prime factors of h.
2, 7
Let a = 14142 + 6105. List the prime factors of a.
3, 17, 397
Let v be (-24)/(-32) + -1 + 329/4. Let k = v + -78. Suppose -k + 24 = 4*r. What are the prime factors of r?
5
Let l = 764 + -757. Suppose -4401 = -l*s + 7268. What are the prime factors of s?
1667
Let s(v) = 17*v - 19. Suppose -6*l + 13*l = 147. Let g be l*((-32)/(-24) - (0 - -1)). List the prime factors of s(g).
2, 5
Suppose -31*o = -26*o + 2470. Let v = o + 919. List the prime factors of v.
5, 17
Let c = -16766 - -30126. What are the prime factors of c?
2, 5, 167
Let y(r) = -8*r + 7. Let q(t) = -t**2 - 24*t - 1. Let d be q(-22). Let a = 36 - d. What are the prime factors of y(a)?
3, 7
Let v(q) = 21*q**2 + 115*q - 379. What are the prime factors of v(-42)?
5, 6367
Let s = 3740 - 3686. What are the prime factors of s?
2, 3
Let z = -64 + 68. Suppose -5*f - 5*s + 1580 = 0, z*f - 411 = 5*s + 826. Suppose 2*i = 59 + f. What are the prime factors of i?
2, 3, 31
Let l be 1 + 1/((-3)/(-168)). Let g(x) = -x**3 + 4*x**2 - 4. Let i be g(-4). Let w = i - l. List the prime factors of w.
67
Suppose 0 = -3*b + 233 + 121. Let v = 210 + b. List the prime factors of v.
2, 41
Suppose 6*l = 23*l - 14892. Let v = l - 273. List the prime factors of v.
3, 67
Let s(y) = 10*y + 20. Suppose -31 = q - 37. Let p be s(q). Let v = 53 + p. List the prime factors of v.
7, 19
Let d(y) = 66*y - 261. Let i be d(4). What are the prime factors of (-3 + 0)*(i + -590 + 7)?
2, 3, 5, 29
Let s(g) = -g**3 + 29*g**2 - 43*g + 90. Suppose 13*q - 452 = -114. List the prime factors of s(q).
2, 5
Let r = -37 + 39. Suppose r*b = -4*b. List the prime factors of b + (48/(-10))/((-2)/40).
2, 3
Let d(r) = -22 + 2 - 14*r - 451*r**3 + 22*r**2 + 450*r**3. What are the prime factors of d(19)?
797
Let w be (4844/(-20))/(4/(-20)). Let o = -26 + 31. Suppose o*k - 14 = w. What are the prime factors of k?
5, 7
Let k(q) = -7500*q - 2210. What are the prime factors of k(-6)?
2, 5, 11, 389
Suppose 2*a - 5*i - 7221 = 7247, 4*a = 4*i